on factor of 92047 and 332?
83
Calculate the highest common factor of 6840 and 4490.
10
What is the highest common divisor of 747050 and 50?
50
What is the greatest common factor of 31647 and 231?
231
What is the highest common factor of 4015 and 79255?
55
Calculate the greatest common divisor of 357 and 24293.
17
What is the highest common factor of 165 and 42295?
55
Calculate the greatest common factor of 4514 and 27206.
122
Calculate the highest common factor of 130 and 337610.
130
Calculate the greatest common factor of 814470 and 510.
510
Calculate the highest common factor of 11704 and 63118.
418
Calculate the greatest common factor of 312 and 50448.
24
Calculate the highest common divisor of 20760 and 15.
15
Calculate the greatest common divisor of 2628 and 1638.
18
Calculate the highest common divisor of 531988 and 2148.
716
Calculate the highest common divisor of 73074 and 114.
114
What is the highest common divisor of 19 and 61807?
19
What is the greatest common factor of 1452 and 4752?
132
What is the highest common divisor of 1472 and 704?
64
What is the greatest common divisor of 25 and 2622575?
25
What is the highest common divisor of 7917 and 174?
87
Calculate the highest common divisor of 94 and 1778198.
94
What is the highest common factor of 25424 and 524?
4
Calculate the highest common divisor of 3384 and 396.
36
What is the greatest common factor of 335332 and 8?
4
Calculate the highest common divisor of 133 and 177023.
133
Calculate the highest common factor of 38 and 59546.
38
What is the greatest common factor of 106 and 24274?
106
Calculate the greatest common factor of 784342 and 65.
13
What is the highest common factor of 5155199 and 51?
17
What is the highest common factor of 1224514 and 122?
122
What is the highest common divisor of 110 and 939598?
22
What is the greatest common divisor of 486 and 1383399?
243
Calculate the highest common divisor of 36 and 106902.
18
What is the greatest common divisor of 88 and 146696?
88
Calculate the highest common divisor of 38425 and 448804.
1537
Calculate the highest common factor of 6 and 11414.
2
Calculate the greatest common divisor of 4482 and 51958.
166
What is the highest common divisor of 34028 and 9412?
724
Calculate the greatest common divisor of 64 and 31888.
16
Calculate the greatest common factor of 8274 and 6916.
14
Calculate the greatest common divisor of 504 and 220626.
126
Calculate the greatest common factor of 52 and 88855.
13
What is the greatest common divisor of 99 and 1446027?
33
Calculate the greatest common factor of 1911 and 14547.
39
Calculate the greatest common divisor of 2 and 5431.
1
Calculate the highest common divisor of 3051 and 3267.
27
What is the highest common factor of 3 and 468357?
3
What is the highest common divisor of 248 and 39866?
62
What is the highest common divisor of 4370 and 3192?
38
What is the greatest common factor of 41 and 328?
41
What is the highest common factor of 93 and 61039?
31
What is the greatest common divisor of 24067 and 35807?
587
Calculate the highest common divisor of 148 and 12836.
4
Calculate the highest common factor of 285960 and 120.
120
Calculate the highest common factor of 76 and 209722.
38
What is the highest common divisor of 88637 and 6457?
587
What is the greatest common factor of 14 and 98623?
7
What is the highest common divisor of 7007 and 3773?
539
Calculate the highest common divisor of 858 and 13494.
78
What is the highest common divisor of 2144 and 1231192?
536
What is the greatest common divisor of 50716 and 2728?
124
What is the greatest common divisor of 198804 and 20?
4
Calculate the highest common factor of 5121 and 54.
9
Calculate the greatest common divisor of 1888553 and 1046.
523
Calculate the highest common divisor of 393 and 10321359.
393
What is the highest common factor of 360 and 29440?
40
Calculate the highest common divisor of 423 and 29178.
9
What is the highest common factor of 234 and 44343?
117
What is the highest common factor of 29400 and 28?
28
Calculate the highest common factor of 11571 and 4560.
57
What is the greatest common factor of 126 and 262152?
18
Calculate the greatest common divisor of 671103 and 12.
3
What is the greatest common divisor of 9332 and 116?
4
Calculate the greatest common factor of 2766 and 75143.
461
Calculate the greatest common factor of 465958 and 188.
94
What is the highest common factor of 218084 and 1?
1
What is the greatest common factor of 2673 and 40194?
99
Calculate the greatest common factor of 4692 and 144624.
276
Calculate the greatest common divisor of 1937 and 41869.
149
What is the greatest common factor of 1088392 and 16?
8
What is the highest common factor of 36789 and 12?
3
What is the greatest common factor of 4873380 and 24?
12
What is the greatest common divisor of 458 and 79921?
229
What is the greatest common divisor of 1 and 3954?
1
What is the greatest common divisor of 13583 and 188?
47
What is the greatest common factor of 24 and 719816?
8
Calculate the greatest common factor of 3807 and 42300.
423
What is the greatest common divisor of 64 and 972448?
32
What is the highest common divisor of 107419 and 26?
13
Calculate the greatest common divisor of 839420 and 3040.
380
Calculate the highest common divisor of 5425 and 21235.
155
What is the highest common factor of 623648 and 32?
32
What is the greatest common factor of 6799 and 39?
13
What is the greatest common factor of 796 and 56052?
4
What is the greatest common factor of 111 and 2479?
37
Calculate the greatest common factor of 33378 and 18.
6
Calculate the greatest common divisor of 16 and 202088.
8
What is the highest common factor of 2006210 and 10?
10
What is the greatest common divisor of 388 and 296626?
194
What is the greatest common factor of 245732 and 161?
23
Calculate the highest common divisor of 17544 and 3264.
408
What is the highest common factor of 684 and 13677948?
684
Calculate the greatest common factor of 380 and 456.
76
What is the greatest common divisor of 517 and 187?
11
What is the highest common factor of 1603 and 326783?
229
What is the greatest common factor of 23972 and 22589?
461
What is the greatest common divisor of 58280 and 51460?
620
What is the highest common factor of 25438 and 1343?
79
Calculate the highest common divisor of 53008 and 2.
2
Calculate the greatest common divisor of 47 and 122623.
47
What is the highest common divisor of 13855 and 41239?
163
Calculate the greatest common factor of 159 and 767387.
53
Calculate the highest common divisor of 824444 and 316.
316
What is the greatest common divisor of 4480 and 455?
35
Calculate the highest common divisor of 100164 and 153.
51
Calculate the highest common divisor of 1100 and 21230.
110
What is the highest common factor of 146938 and 286?
22
Calculate the greatest common factor of 4625 and 385355.
185
What is the highest common factor of 16 and 945136?
16
Calculate the greatest common factor of 92385 and 9.
9
Calculate the highest common factor of 2480 and 4832280.
1240
Calculate the greatest common divisor of 70 and 22414.
14
What is the highest common divisor of 6386 and 1984?
62
What is the greatest common divisor of 33736 and 1032?
8
What is the highest common divisor of 3618 and 468?
18
What is the highest common divisor of 47463 and 117?
39
Calculate the greatest common factor of 148 and 94498.
74
What is the greatest common divisor of 48692 and 34874?
658
What is the highest common factor of 42 and 323694?
42
What is the highest common factor of 532 and 34352?
76
Calculate the greatest common factor of 26356 and 176.
44
Calculate the greatest common divisor of 198 and 53086.
22
Calculate the highest common divisor of 68 and 56.
4
Calculate the highest common factor of 846 and 94329.
423
Calculate the greatest common divisor of 2512 and 75988.
628
What is the greatest common factor of 84 and 5534592?
84
Calculate the highest common factor of 459 and 179928.
459
Calculate the highest common factor of 1349 and 10469.
19
Calculate the greatest common factor of 396 and 605.
11
Calculate the highest common factor of 775 and 18197.
31
What is the highest common factor of 10608 and 18304?
208
What is the greatest common factor of 608 and 15884?
76
Calculate the 